. Calculate the greatest common divisor of 69 and b.
69
Let a be -2 - -41 - (0 + 20/4). What is the greatest common divisor of a and 646?
34
Suppose 75 = 14*v + v. Suppose t - k - 5 = 0, -4*t = -4*k + v*k. What is the greatest common factor of 1 and t?
1
Let f be 3 - (-9)/((-15)/(-5)). Suppose 0 = 5*k + 5*q - 55, 10*q - f*q = 3*k - 26. What is the highest common divisor of k and 80?
10
Let g(u) = 5*u + 3. Let y be g(8). Let v(p) = p**2 + p - 39. Let t be v(-12). Let h = t - y. What is the greatest common divisor of h and 10?
10
Suppose 0 = -3*k - 2*t + 682, 6*k - 914 = 2*k + 2*t. Calculate the greatest common factor of 38 and k.
38
Let i(d) = -d**2 + 10*d - 18. Let f be i(9). Let s be 1 - -74*2 - f/3. What is the highest common factor of 19 and s?
19
Suppose 0 = -j + 50 - 5. Suppose i + 5 = h + 4*i, -5*h = -5*i - j. Let t = -22 - -38. Calculate the highest common divisor of t and h.
8
Let z be 2 - ((-2)/(-4))/((-2)/1708). Calculate the highest common divisor of 39 and z.
39
Let v(i) = 2*i + 10. Let a(n) = -n - 5. Let c(w) = -9*a(w) - 4*v(w). Let f = 240 - 227. Let d be c(f). What is the highest common divisor of d and 45?
9
Suppose 3821 = 4*r - 5*t, -3*r - 4*t = -275 - 2552. Calculate the greatest common factor of r and 13.
13
Let w = 79 + -80. Let f be -1 - w - (3 - 15). Calculate the highest common divisor of 30 and f.
6
Let d = 247 - -25. Let q = -523 + 557. Calculate the greatest common factor of q and d.
34
Suppose 10*b = 7*b + 27. Suppose -46 = -3*x - 10. Let a = x + 51. What is the highest common divisor of b and a?
9
Let l be -1 - -79 - (-1 + 2). Let q(z) = -37*z**2 + 41*z + 3. Let h be q(1). Calculate the greatest common divisor of l and h.
7
Let r be 1*4 - (32 - 27) - -3. Suppose 2*g - 6*g = 0. Suppose 440 = 4*t - r*z, 4*t + 5*z = -g*t + 412. What is the greatest common divisor of 12 and t?
12
Suppose 0 = 31*v - 45*v + 5698. Calculate the greatest common divisor of 111 and v.
37
Suppose 0 = 4*q + 16, -4*u + u - 5684 = -q. Let z be 6/21 + u/(-28). What is the highest common factor of z and 34?
34
Let v(u) = u**3 - 8*u**2 - 7*u - 9. Let a be v(9). Suppose 4 = -a*z + 31. Calculate the greatest common divisor of z and 3.
3
Let t = -33 + 43. Let p be ((-24)/t)/(14/(-105)). Calculate the greatest common factor of 45 and p.
9
Let i = 12 + -7. Suppose 21 = i*m + 6. Let v be ((-1)/m)/((-7)/1617). What is the highest common divisor of 7 and v?
7
Suppose m - 3*x - 4 = 0, 0*m - 2*m + 16 = -2*x. Let k be (-86)/(-10) + 4/m. Calculate the highest common divisor of k and 81.
9
Let b = 954 + -906. What is the highest common factor of 352 and b?
16
Let d be -84*((-14)/6 - -1). Let q = -64 + 58. Let h be (q/12)/(2/(-56)). Calculate the highest common factor of h and d.
14
Suppose 4*w = p - 66, 2*w = 4*w - 3*p + 28. Let x = w + 35. Calculate the highest common divisor of 18 and x.
18
Let d(i) = i**3 + 15*i**2 - 7*i - 41. Let p be d(-7). Calculate the highest common factor of 300 and p.
100
Let j(s) = -s**3 - 17*s**2 - 32*s - 24. Suppose -1 = 4*d + 4*p + 79, -5*d + 2*p - 65 = 0. Let y be j(d). Calculate the greatest common divisor of 6 and y.
6
Let u = 50 + -47. Suppose 3*l + v = 28 - 2, -l + u*v = -2. Calculate the highest common divisor of 64 and l.
8
Let b(s) = -13*s**3 + 3*s + 2. Let r be b(3). Let w be ((-4)/5)/(4/r). What is the highest common divisor of 17 and w?
17
Let o = -161 + 431. What is the greatest common divisor of 60 and o?
30
Let g be 895/20 + (-2)/(-8). What is the highest common divisor of g and 405?
45
Let t(d) = -d**3 - 5*d**2 - 4*d + 5. Let u be t(-4). Suppose -2*q - u*i = -389, -q - 4*i - 188 = -2*q. What is the highest common divisor of q and 24?
24
Let c = -121 + 1097. Suppose 3*f = 2*i + c, 2*i + 1313 = 4*f - 3*i. Suppose 0 = 5*x - f - 448. Calculate the greatest common factor of 14 and x.
14
Let f = -31 - -39. Let p be (1 - -2)/((-6)/(-176)). What is the highest common divisor of f and p?
8
Suppose 34 - 94 = -3*z. Suppose 4*v - 20 = 4*p, -v - z = -3*v + 4*p. Let s(j) = 2*j + 12. Let w be s(v). Calculate the greatest common factor of w and 60.
12
Suppose 24*c - 9972 = 1836. What is the greatest common factor of c and 12?
12
Let h = -851 - -867. What is the highest common divisor of h and 248?
8
Let u = 5 + -3. Suppose -4*c = v - 18, -c = v - 11 + u. Let z = 122 + -118. What is the greatest common factor of z and v?
2
Let i be (4 + 5 - 5) + 0 + 2. Let b be ((-4)/i)/(6/(-648)). What is the highest common factor of 9 and b?
9
Let h = -1213 + 1523. Calculate the highest common divisor of 10 and h.
10
Suppose -5*v + 525 = f - 7*v, 1050 = 2*f - 5*v. Calculate the highest common factor of f and 21.
21
Let y(s) = -9*s**2 + 68*s + 5. Let r be y(7). Calculate the greatest common factor of 70 and r.
10
Suppose i = 3*s - 15 + 3, -3*i + 16 = 4*s. Let f = -128 + 129. What is the greatest common divisor of s and f?
1
Let i = -2 + 0. Let n be (7/14)/(i/(-44)). Suppose -t + 0 = -11. What is the greatest common divisor of t and n?
11
Let z = -17 - -26. Let h(o) = -o**3 - 3*o**2 - 6*o + 15. Let r be h(-6). Let c = -60 + r. What is the greatest common divisor of z and c?
9
Suppose -4*t + p = -6, -2*t + 5*p = 3*t. Let x(n) = n**3 - 6*n**2 + 3. Let j be x(6). Suppose -j = -z + t. Calculate the highest common divisor of 45 and z.
5
Let o = -221 - -233. Calculate the greatest common factor of 3 and o.
3
Let g be 2/12 - (4 - (-1815)/(-18)). Suppose 3*t - 101 = g. Calculate the greatest common factor of 12 and t.
6
Let i = 63 + -59. Let w be 26/(-8)*-2 - 2/i. What is the greatest common factor of 3 and w?
3
Let l = 400 + -349. What is the greatest common factor of 51 and l?
51
Let h = -50 - -74. Calculate the greatest common factor of 120 and h.
24
Let i(t) = -26*t**2 - 2*t + 1. Let n be i(1). Let y be (-104)/(-10) - n/45. Calculate the highest common divisor of y and 88.
11
Let g(y) = 2*y**2 + 5*y - 3. Let s be g(-4). Let j(r) = -r**3 + 8*r**2 + 11*r - 1. Let d be j(s). What is the highest common factor of d and 51?
17
Let a(u) = -u**2 - 19*u - 20. Let n(c) = 1. Let j(r) = a(r) + 4*n(r). Let y be j(-16). What is the highest common divisor of 8 and y?
8
Let p = -500 - -536. What is the greatest common factor of 396 and p?
36
Let j(v) = -5*v + 92. Let p be j(-4). What is the highest common divisor of p and 42?
14
Let o(z) = z**2 - 9*z + 28. Let n be o(5). Calculate the greatest common divisor of n and 72.
8
Let h be (0 - -1)/(3/6). Suppose 4*s = h*s + 60. What is the highest common divisor of s and 6?
6
Let z = -278 + 304. What is the greatest common factor of 403 and z?
13
Let r = -668 + 683. Calculate the highest common divisor of 160 and r.
5
Let o(a) = a**3 - 8*a**2 + 10*a - 3. Let k(v) = v - 5. Let n be k(12). Let h be o(n). What is the highest common factor of 126 and h?
18
Let c(x) = 3*x**2 + x - 14. Let d be c(-4). Suppose -3*o + 5*h = -0*o - d, -5*o = 4*h - 13. What is the greatest common factor of o and 35?
5
Suppose -2*i = -5*b + 118, -5*b + 100 = -i - 14. What is the greatest common divisor of b and 99?
11
Let i be (-7 - -2 - (-60 + 1))*1. Calculate the greatest common factor of i and 42.
6
Let y = 1186 - 331. Calculate the highest common factor of 45 and y.
45
Suppose -160*m + 48024 = -124*m. Calculate the highest common factor of m and 116.
58
Suppose 2*j = 4*i + 32, 4*i + 2 = 2*i. Let v = j + -8. Let c = 44 - 32. Calculate the highest common divisor of v and c.
6
Suppose 5*d - 26 = 19. Let l(j) = 2 - 1 - j + 11*j - j**2 + 2. Let t be l(d). What is the highest common divisor of 132 and t?
12
Suppose -5*v + 6*v + 4 = 0, 0 = -f - 5*v + 212. What is the greatest common factor of 87 and f?
29
Suppose 5*d = -3*d + 616. Let o = 1 + d. Let s be (-18)/3*52/(-6). What is the highest common factor of s and o?
26
Suppose 4*u - 140 = 2*u. Let y be ((-40)/50)/((-4)/u). What is the highest common divisor of 2 and y?
2
Suppose 136 = 15*i - 164. Suppose -2*r + 60 = -0*r. Calculate the highest common divisor of i and r.
10
Let f = 213 + -211. Suppose -6*n + 2*n = -5*v + 13, 3*n + 2*v = 19. What is the greatest common factor of n and f?
1
Let o = 407 + -247. What is the highest common divisor of o and 288?
32
Let a be 20*(-6)/(-36)*12/5. Calculate the greatest common factor of 16 and a.
8
Let u be (3/(-6))/(8/4992*-4). What is the greatest common diviso